178 - 115. What is the highest common factor of 21 and q?
21
Let d be (85 - 4)/(6/8). Calculate the highest common divisor of 12 and d.
12
Suppose 40 + 14 = 3*o. What is the greatest common factor of 2 and o?
2
Let k be (-8)/6*-3*1. Suppose -2*m = -k*m + 10. Let a(j) = -j**2 - 15*j - 9. Let z be a(-14). Calculate the highest common divisor of z and m.
5
Suppose -7*h + 12 = -5*h. What is the greatest common divisor of h and 18?
6
Let k = 6 - -3. Let c = 419 + -189. Let u = c + -149. Calculate the highest common divisor of u and k.
9
Let f be (1/(-2))/(10/(-20)). Calculate the greatest common divisor of 8 and f.
1
Suppose -5*u - 2*p - p = -605, -3*p = 0. Let r(v) = 5*v + 1. Let z be r(2). What is the highest common divisor of u and z?
11
Let n be (-6)/7*(-112 + 21). Calculate the greatest common factor of 195 and n.
39
Suppose 0*y - 422 = -2*y. Let z be (-10)/15*111*-2. Let t = y - z. Calculate the greatest common factor of 7 and t.
7
Let c = -70 - -76. Calculate the greatest common divisor of 2 and c.
2
Let d(w) = -3 - 5*w - w + 2*w. Let q be d(-3). What is the greatest common divisor of q and 1?
1
Let l(u) = -u**2 - 6*u. Let g be l(-5). Suppose -6*b + b = -g. Calculate the highest common divisor of 11 and b.
1
Suppose -3*a + 5*a - 32 = 4*f, a - 3*f - 21 = 0. Calculate the greatest common divisor of 3 and a.
3
Let v = -16 + 25. Suppose 0 = 5*k + v - 234. Let w be (2 - 2) + -2 + 17. What is the greatest common divisor of w and k?
15
Suppose -4*p + 5*n = -39, 5*n = p - 16 - 5. Let m(s) = 6*s. Let d be m(p). What is the highest common divisor of 24 and d?
12
Suppose 0*d + 4 = -2*d. Let r be 123/15 - d/(-10). What is the highest common factor of r and 32?
8
Let f(h) = 3*h**2 + h + 1. Let r be f(-1). Suppose i = -3*l + 32, 3*i = 7*i + r*l - 83. What is the highest common divisor of 17 and i?
17
Let t = 8 - 4. Let o = t - 2. Let h(b) = 7*b - 1. Let w be h(o). Calculate the highest common divisor of w and 52.
13
Suppose 8*b = 56 + 40. Calculate the greatest common factor of 12 and b.
12
Suppose j = 5, 5*h - j + 840 = -0*j. Let t = h - -237. Suppose 28 = 6*l - 4*l. Calculate the highest common factor of t and l.
14
Suppose -2*x - 471 = -5*x + 3*l, 3*x = 4*l + 468. Calculate the highest common factor of 32 and x.
32
Let a be 3/(9/47) + (-1)/(-3). Calculate the highest common divisor of 40 and a.
8
Suppose 4*c - 3 - 101 = 0. Suppose -2*f + 4*b + c = 0, -4*f - 3*b = -0*b + 3. Let i = 71 + -50. Calculate the highest common divisor of f and i.
3
Let n(j) = -j**2 - 14*j - 9. Let r be n(-13). Let a be (-26)/r*(-6)/3. Calculate the highest common factor of 143 and a.
13
Suppose 8 = c + 3*s - 0, 4*s - 16 = 4*c. Let j(i) = -i + 9 + i**2 - 8 - 8*i**3 + 2*i. Let a be j(c). What is the greatest common divisor of 3 and a?
3
Let c = -185 - -201. Suppose 4*p = 20 - 4. Calculate the greatest common factor of c and p.
4
Let b(d) = d**2 + 6*d - 8. Let k be b(-7). Let a(v) = -3*v**3 + 2*v + 1. Let u be a(k). Let t = 17 + u. Calculate the highest common factor of t and 76.
19
Let o = 31 - -39. What is the greatest common factor of 28 and o?
14
Suppose 5*h = 22 + 88. Suppose 4*f + z = -4*z + 103, 2*z = -2. Let r = f - 16. Calculate the greatest common factor of r and h.
11
Suppose 0 = 5*o - 0*t + 5*t - 5, 9 = 3*o - 3*t. Suppose -o*l + 3 = -3. Suppose -g - l*f + 19 = -0*g, f - 1 = 0. What is the greatest common divisor of g and 16?
16
Let c = 47 + -23. Let j be -3*(1 + (-57)/9). Suppose 2*d + 16 = w - d, -j = -3*w + d. What is the highest common factor of w and c?
4
Suppose -3*h - 30 = -5*h. What is the greatest common factor of h and 10?
5
Let b = -7 + -14. Let w be (1 + b)/(-9 - -7). Calculate the highest common divisor of 30 and w.
10
Let c = 57 + 230. Calculate the greatest common factor of 41 and c.
41
Suppose -f + v + 11 = -1, -5*f + 76 = 3*v. What is the highest common divisor of 7 and f?
7
Let u be (-1 + 24/(-3))/(-1). Let h = 14 - u. Let y be -2*(-3)/6 + h. What is the highest common divisor of y and 4?
2
Let q = 23 + -48. Let d = q - -35. Calculate the greatest common factor of d and 110.
10
Let c be (134/4)/((-3)/6). Let l = -35 - c. What is the highest common factor of 96 and l?
32
Suppose 3*k = -3 + 12, 0 = 3*y + k - 9. Calculate the greatest common factor of 10 and y.
2
Let w = 50 - 37. Let k(v) = -9*v**3 + v**2 - v + 1. Let n be k(1). Let r = n + w. Calculate the highest common divisor of 10 and r.
5
Suppose 2*x - 22 = -4*c, 0*c - 4*c + x = -13. Suppose -c*m + 3*d + 55 = 0, d - 17 = 2*m - 46. Calculate the highest common factor of 112 and m.
16
Let k = 41 - 24. Suppose 5*l - 18 = k. Calculate the highest common divisor of l and 1.
1
Suppose -b + 5*x + 64 = 0, 3*b - 5*x = -0*b + 152. What is the highest common divisor of b and 176?
44
Let o be -3*(0 - -1)*-33. What is the highest common divisor of 9 and o?
9
Let c = -30 - -49. Suppose -2*y = -p + 23, 5*p = -0*y - 5*y + 85. What is the highest common factor of p and c?
19
Let w = -14 + 9. Let f(a) = a**2 + 2*a + 1. Let i be f(w). What is the greatest common factor of 4 and i?
4
Let i = 12 - -15. Suppose -2*p + 30 = 3*b, p = -2*b - 6 + i. What is the greatest common divisor of 12 and b?
12
Let v(b) = b + 1. Let u be v(-1). Suppose -y + 3*y = 0. Let f be 3 - -9 - (u - y). What is the greatest common factor of 6 and f?
6
Suppose 312 = -80*i + 84*i. Calculate the highest common factor of 39 and i.
39
Let o(h) = h**3 + 5*h**2 - 5*h + 8. Let n be o(-6). Suppose -2*p - 102 = 2*r - 6*r, 4*p - 36 = -n*r. What is the greatest common divisor of r and 12?
12
Let t(a) = -7*a**3 - 7*a - 5. Let k be t(-2). What is the highest common divisor of k and 13?
13
Let q be (-1*2)/((-2)/(-9)). Let t = 12 + q. Calculate the highest common divisor of 33 and t.
3
Let x = -19 + 31. Let p = -3 - -2. Let g be p/(3/(-18))*3. Calculate the greatest common factor of x and g.
6
Suppose -3*f + 10 = -11. Calculate the greatest common factor of 7 and f.
7
Let r(x) = 2*x**3 - x**2 + x + 1. Let j be r(2). Let l be (6/(-9))/((-4)/(-6)). Let h = l + 6. What is the highest common divisor of j and h?
5
Suppose 4*w = -w + 15. Suppose -w*a - 10 = -5*a. Suppose 9 = 2*m - a. What is the highest common divisor of m and 1?
1
Suppose 4*l + 24 = 4*f, 2 = f + 4*l - 3*l. What is the greatest common factor of 10 and f?
2
Let u(r) be the first derivative of r**4/4 + 5*r**3/3 + r**2 + 3*r - 5. Let b be u(-3). What is the greatest common factor of 5 and b?
5
Suppose 91 + 134 = 5*h. Calculate the greatest common factor of 5 and h.
5
Let h(v) = -v**2 - 11*v - 3. Let j be h(-8). What is the highest common divisor of j and 14?
7
Suppose -3*w = p - 13, -5*p + p = 3*w + 2. Calculate the greatest common divisor of w and 66.
6
Let b(i) = 2*i**3 - 6*i**2 + 5*i + 2. Let j be b(4). Calculate the greatest common factor of 18 and j.
18
Let f be 0/(-1 + 2) + 45. Let p(u) = u**3 - 6*u**2 + 4*u - 2. Let a be p(5). Let r = 12 + a. What is the highest common factor of f and r?
5
Let x = 50 - 36. Suppose 0 = 4*c - 672 + 56. Calculate the greatest common factor of c and x.
14
Suppose -328 = -71*p + 69*p. What is the greatest common divisor of p and 41?
41
Let a(m) = -m + 3. Let w be a(3). Suppose w = -t - 3 + 4. Calculate the highest common divisor of 2 and t.
1
Suppose -2*s + 135 = -3*x - 117, 5*x = 2*s - 244. Calculate the greatest common factor of 12 and s.
12
Let n(x) = -x**3 + x**2 - x - 1. Let i(c) = -4*c**3 + 3*c**2 - 6*c - 9. Let l(h) = i(h) - 5*n(h). Let p be l(5). What is the greatest common divisor of 6 and p?
6
Suppose -3*g + 98 = 4*b, 3*g - 5*g + 66 = 3*b. Suppose g = -0*r + 3*r. Suppose -7*s + 3*s + 80 = 0. What is the highest common divisor of s and r?
10
Suppose 5*i + 0*i = -2*r, 0 = i + r. Suppose i = h - 6*h + 85. Suppose -8*p + 714 = -2*p. Calculate the greatest common factor of p and h.
17
Suppose -p + 0*p = 0. Suppose p = 5*h + 25, -2*r + 5*h + 0*h + 51 = 0. What is the highest common divisor of r and 52?
13
Let c = 0 + 0. Suppose -t = -0 - 5. Suppose v - 2*v + t*n = c, 5*v + 3*n - 28 = 0. What is the highest common divisor of v and 10?
5
Suppose -6*s + 2*s = -56. Let p(w) = -5*w - 2*w - 5*w + 3*w + 8. Let x be p(-10). Calculate the greatest common divisor of x and s.
14
Let w be 8*-1*(2 - 4). Suppose 0 = -5*h + 19 + w. What is the highest common divisor of h an